{"id":2,"date":"2016-09-09T14:42:28","date_gmt":"2016-09-09T14:42:28","guid":{"rendered":"http:\/\/premierssoinsqc.org\/accueil2\/?page_id=2"},"modified":"2024-05-03T08:32:59","modified_gmt":"2024-05-03T12:32:59","slug":"sample-page","status":"publish","type":"page","link":"http:\/\/premierssoinsqc.org\/accueil2\/","title":{"rendered":"Bienvenue !"},"content":{"rendered":"\n<p class=\"has-large-font-size\"><strong><mark style=\"background-color:rgba(0, 0, 0, 0)\" class=\"has-inline-color has-vivid-red-color\">Fin des activit\u00e9s<\/mark><\/strong><\/p>\n\n\n\n<p>Nous sommes dans le regret de vous informer que nous avons pris la d\u00e9cision de fermer nos portes apr\u00e8s un peu plus de 10 ans de service \u00e0 la population de la grande r\u00e9gion m\u00e9tropolitaine. Cette d\u00e9cision nous cr\u00e8ve le coeur. Voici les \u00e9l\u00e9ments qui ont contribu\u00e9s \u00e0 cette d\u00e9cision : <\/p>\n\n\n\n<ul class=\"wp-block-list\">\n<li>P\u00e9nurie de main d&rsquo;oeuvre;<\/li>\n\n\n\n<li>Financement difficile des organismes \u00e0 but non lucratif qui ne tombent pas dans les \u00ab\u00a0cases\u00a0\u00bb du gouvernement;<\/li>\n\n\n\n<li>Les promoteurs ne sont pas encore pr\u00eats \u00e0 payer pour un service de qualit\u00e9 dans le domaine des premiers soins, m\u00eame si le prix est abordable.<\/li>\n\n\n\n<li>Augmentation des obligations d&rsquo;assurance et autres, qui sont rendus impossibles \u00e0 payer pour les petits OBNL.<\/li>\n<\/ul>\n\n\n\n<p>Merci pour votre confiance, merci d&rsquo;avoir \u00e9t\u00e9 \u00e0 nos c\u00f4t\u00e9s depuis 2012 !<\/p>\n\n\n\n<p>Toute l&rsquo;\u00e9quipe de SPSQ <\/p>\n\n\n\n<p><\/p>\n","protected":false},"excerpt":{"rendered":"<p>Fin des activit\u00e9s Nous sommes dans le regret de vous informer que nous avons pris la d\u00e9cision de fermer nos portes apr\u00e8s un peu plus de 10 ans de service \u00e0 la population de la grande r\u00e9gion m\u00e9tropolitaine. Cette d\u00e9cision nous cr\u00e8ve le coeur. Voici les \u00e9l\u00e9ments qui ont contribu\u00e9s \u00e0 cette d\u00e9cision : Merci [&hellip;]<\/p>\n","protected":false},"author":1,"featured_media":0,"parent":0,"menu_order":0,"comment_status":"closed","ping_status":"open","template":"","meta":{"footnotes":""},"class_list":["post-2","page","type-page","status-publish","hentry"],"_links":{"self":[{"href":"http:\/\/premierssoinsqc.org\/accueil2\/wp-json\/wp\/v2\/pages\/2","targetHints":{"allow":["GET"]}}],"collection":[{"href":"http:\/\/premierssoinsqc.org\/accueil2\/wp-json\/wp\/v2\/pages"}],"about":[{"href":"http:\/\/premierssoinsqc.org\/accueil2\/wp-json\/wp\/v2\/types\/page"}],"author":[{"embeddable":true,"href":"http:\/\/premierssoinsqc.org\/accueil2\/wp-json\/wp\/v2\/users\/1"}],"replies":[{"embeddable":true,"href":"http:\/\/premierssoinsqc.org\/accueil2\/wp-json\/wp\/v2\/comments?post=2"}],"version-history":[{"count":6,"href":"http:\/\/premierssoinsqc.org\/accueil2\/wp-json\/wp\/v2\/pages\/2\/revisions"}],"predecessor-version":[{"id":233,"href":"http:\/\/premierssoinsqc.org\/accueil2\/wp-json\/wp\/v2\/pages\/2\/revisions\/233"}],"wp:attachment":[{"href":"http:\/\/premierssoinsqc.org\/accueil2\/wp-json\/wp\/v2\/media?parent=2"}],"curies":[{"name":"wp","href":"https:\/\/api.w.org\/{rel}","templated":true}]}}